2 - -3 - (-3 + 8))?
4
9 - 2 - (-8 + 14)
1
2 + -6 + 9 + -6 + 2
1
Calculate -1 + (-8 - -6) + 1.
-2
(-3 - 1) + -6 - (-1 + -5)
-4
Calculate (-1 - 2) + 3 + 4 - 4.
0
-90 + 92 - (-1 - 2)
5
What is the value of 9 - (11 + -8 - -8)?
-2
What is -6 + -9 + 4 + 7?
-4
What is the value of -5 - 0 - (1 + -4 + 2)?
-4
Evaluate 4 + 3 + -6 + 1.
2
Calculate 3 + -4 + 1 - 1.
-1
What is 13 + (-1 + -2 - 16)?
-6
Calculate -39 + 37 - (0 - 1).
-1
Evaluate (-3 - -1) + 6 + 3 + -8.
-1
What is the value of (4 - (-1 + 1)) + -7?
-3
Evaluate 1 + 2 - (1 + 3 - 5).
4
Evaluate 18 - 32 - (-3 - 1).
-10
What is the value of 3 + (4 - -1) + -2 + -2?
4
What is 2 + (0 - -1 - 0) - 1?
2
Calculate -3 - (-1 + (3 + 3 - 3)).
-5
What is -1 - 5 - (-44 + 47)?
-9
What is the value of (0 - -7) + -3 - -1?
5
Evaluate (-1 - 0) + (10 - 14).
-5
Evaluate 15 + 1 + -6 + -10.
0
What is the value of (5 + -9 - 2) + 2 + 12?
8
Evaluate 2 + -7 + 1 + (0 - 0).
-4
4 - (4 - (1 - 1))
0
Calculate 13 + -16 - 7 - -8.
-2
Evaluate (3 - (-3 + 3)) + 0.
3
What is the value of -4 + 7 + 0 + -1?
2
7 + (8 - 7 - 10)
-2
What is the value of -10 - (4 - 6 - 6)?
-2
What is the value of (1 - 4 - -4) + 1 - -2?
4
What is (-2 - 0 - -4) + -6?
-4
-1 + 1 + 1 + 4
5
Evaluate 8 - 9 - ((-1 - 1) + -2).
3
Calculate 58 - 53 - (-5 - (0 - 2)).
8
What is -14 + 1 - (-35 - -27)?
-5
What is 6 - (2 + (2 - 0) + -6)?
8
What is -4 + (2 - (6 - 3))?
-5
-2 - (-1 - 1) - -4
4
Evaluate (-3 + 2 - 6 - -4) + 1.
-2
(1 - ((3 - 2) + -1)) + -4
-3
What is the value of 2 - (-4 + 2 - -1 - -2)?
1
2 - (-4 - -12 - 3)
-3
What is the value of -3 - -6 - (6 - 2)?
-1
Evaluate -3 - (-3 - -5) - (1 + -3).
-3
What is the value of 19 + -10 + -3 + 3?
9
Evaluate (10 - (15 - 12)) + -12.
-5
What is the value of -3 + (2 - ((-2 - -2) + 0))?
-1
What is -2 + (-2 - (0 + -7))?
3
Calculate 16 + -10 - (7 - (-2 + -2)).
-5
Calculate (-3 - -9 - 8) + 6.
4
-8 - -3 - (0 + 0 + -2)
-3
Calculate 1 + -10 - (6 - (15 - 5)).
-5
1 + 11 - (8 - 2)
6
Evaluate 14 + -2 - (6 + -1 - 1).
8
What is 3 + -6 + 2 + 3 + -2?
0
-13 - (13 + -18 + 2)
-10
0 - (-5 - -9) - (6 + -6)
-4
19 + (-2 - 6 - 3)
8
Calculate (5 - 2) + -4 + (5 - 5).
-1
Calculate 1 + -9 + (13 - -2) + -14.
-7
Evaluate 6 + (2 - (-1 - -4)) + 1.
6
What is (-3 - 3) + (4 - (-3 - -2))?
-1
What is the value of -12 + 5 + 2 + -1?
-6
What is the value of 6 + (-14 - -10) - (4 - -1)?
-3
-4 + (-4 - -4 - (-9 + 5))
0
Evaluate 1 + -2 - -2 - (11 - 6).
-4
Evaluate -8 + ((9 - 5) + -4 - -3).
-5
What is the value of -17 + 11 - (-3 + 1)?
-4
Calculate 0 - (-11 + 15) - 3.
-7
Calculate (-23 - (9 + -22)) + 6 + -1.
-5
-10 - -4 - (0 + -4)
-2
Evaluate -2 + (3 - -4) + -9 + 1.
-3
What is 2 - 0 - (-1 - -2 - -1)?
0
Evaluate (-4 + 6 - 3) + 4.
3
What is the value of 0 + 1 + (16 - 14)?
3
What is 7 - 6 - (0 + -2)?
3
What is the value of (-2 - 1) + (3 - (2 + 0))?
-2
Calculate 2 + (52 + -60 - (-1 + 4)).
-9
What is the value of 9 - ((1 - 5) + 5)?
8
2 + 4 - (6 + (0 - -6))
-6
What is -6 - (-2 - 4) - -6?
6
What is -6 + 15 + 1 + -5 + -6?
-1
((-6 - -3) + 6 - -2) + -9
-4
Evaluate -12 - (-19 + (20 - 10)).
-3
What is the value of (1 - (6 + -1) - -3) + 5?
4
5 + -6 - (1 + -5) - -1
4
What is -4 + -4 + 5 - 1?
-4
2 - (-1 + -4 + 3)
4
What is 2 + -2 - (6 + -10)?
4
Evaluate (-124 - -124) + (7 - (1 - 3)).
9
Evaluate -5 - (1 - 9) - (1 - 0).
2
What is the value of (3 - 3) + 2 + 1 + 2?
5
What is the value of (1 - (-2 + 0) - 3) + -7?
-7
What is (17 - 9) + -17 - -10?
1
What is -2 + 1 + 1 + (51 - 50)?
1
Calculate 3 + -6 + (-10 - -13) + -7.
-7
What is the value of 3 + (-1 - -2) + 10 + -10?
4
What is the value of 4 + -6 - (-5 + 0)?
3
What is the value of 4 + -1 + -4 + (1 - -3)?
3
What is the value of 4 + (-16 - (-6 - 2))?
-4
Calculate (-10 - -4) + (10 - -1) + 0.
5
What is -1 + 4 + (2 + -12 - -8)?
1
What is -9 - (-1 - (5 - 4 - -1))?
-6
Calculate (-1 - -4) + -6 + (2 - -4).
3
Calculate 11 + (-1 - -7 - 12).
5
(10 - 3) + -5 + -2 + 4
4
What is the value of -1 + 1 - (-6 - -2)?
4
(-67 - -63) + (-3 - (-3 - -2))
-6
What is the value of (-9 - -3 - -1) + 9?
4
What is (3 - -1) + (-4 - -5)?
5
What is the value of (8 - (1 + 0)) + 3 + -16?
-6
What is the value of (-3 - -6 - 8) + 5 + -3?
-3
What is the value of (5 - 14) + 2 - -14?
7
(-9 + 2 + 11 - 14) + 2
-8
Evaluate 4 + (-7 - -10) - 4.
3
(2 - 6 - -8) + 1
5
Evaluate 2 + 4 - (0 + -3).
9
-1 + 0 + 1 + 1
1
What is -16 - -22 - ((-1 - -1) + 8)?
-2
What is the value of -3 + 7 + 1 + (-2 - 3)?
0
What is the value of (-9 - -8) + (-2 - -2)?
-1
Evaluate 1 + (-2 + 4 - 6) + 8.
5
Evaluate -5 - -21 - (1 - -7).
8
Calculate -4 + (7 - 2 - 4) + 2.
-1
What is the value of 4 + -2 + 3 - 3?
2
Evaluate (-8 - 3) + 1 + 7.
-3
-3 + -1 + (0 - 5) + 12
3
What is -1 - (1 - 1 - (11 + -10))?
0
What is -10 - -2 - (0 + -6)?
-2
What is the value of -1 - (-10 + 11 - (1 + 4))?
3
Evaluate 5 + -2 + (2 - -1) + 1.
7
What is -6 - ((-5 - -1) + 3)?
-5
What is the value of (0 - (-5 - -4)) + 7 + -11?
-3
-4 + 8 - (-1 + 6)
-1
Evaluate 13 + -4 + 3 + -4.
8
(-12 - -5 - 0) + (6 - -7)
6
Calculate -7 - (21 + -11 + -16).
-1
Calculate -1 - (-2 + 7 - 4) - -1.
-1
What is the value of (-7 - -2) + 2 - (1 - 5)?
1
What is the value of -3 + (2 + -5 - -1)?
-5
Calculate 5 + 3 + -10 + 6.
4
Calculate -6 + 5 + (-2 - (-4 - -5)).
-4
Evaluate (2 - -11) + (-4 - (6 + -2)).
5
What is (13 - 11) + 2 + 0 + -1?
3
1 + 2 - 3 - 4
-4
What is 0 + (-3 - 1) + 6?
2
-4 + -9 + 16 - (1 - -6)
-4
Calculate 0 - (-5 + (6 + -8 - 0)).
7
What is the value of (7 - 7) + (3 - 2)?
1
4 + -6 + 3 - -1 - -4
6
6 - (2 - -1) - (-6 - -11)
-2
Evaluate (5 - (7 + -3 - 1)) + 2.
4
What is 31 + -22 - (7 - (2 + -1))?
3
Evaluate -3 + -8 + 4 + 4.
-3
What is the value of 9 + (-1 - ((-2 - -8) + -1))?
3
What is the value of 7 + -2 + -14 + 0 - -5?
-4
Evaluate 1 + -2 - (-10 + 5) - 4.
0
Evaluate 7 + -5 - 5 - -2.
-1
What is 3 + -1 + (3 - 4)?
1
Evaluate (4 + -6 - 2) + 1.
-3
2 - 0 - (-20 + 6 - -15)
1
Evaluate (-4 - -8) + (6 + -3 - 7).
0
What is (8 - 1) + (-64 - -60)?
3
What is the value of 2 + (-17 + 5 - -17)?
7
Evaluate 0 - (-11 + (0 - -5)) - 13.
-7
Evaluate -11 - (-7 - -6 - (-2 + 2)).
-10
What is 1 - (-8 - -5 - 6)?
10
Evaluate 5 + (5 - 6) - 2.
2
Calculate 7 + 8 + -6 - 7.
2
What is -6 + 2 + (6 - 5)?
-3
What is -8 + 2 + (7 - -6) + -7?
0
Calculate -4 + 4 + 4 + -3 + 3.
4
Calculate -1 + -2 - (5 - 14 - -4).
2
What is the value of ((-4 - -13) + -3 - 4) + 0?
2
Evaluate 13 + (3 - 8) - 1.
7
What is the value of 0 - -3 - (2 + (7 - 2))?
-4
Calculate 3 + (-12 - -3) + 3 + 2.
-1
What is -1 + (-5 - -8 - -1)?
3
Evaluate -3 - -2 - (-7 - -1).
5
What is the value of (0 - -4) + -8 + 7?
3
What is -1 + 1 + (-34 - -37) + 1?
4
What is the value of 5 + (-6 + -4 - -5)?
0
(0 - -4) + (0 + -8 - -5)
1
2 - (5 + -8) - 3
2
Evaluate -1 + (-7 - (3 + -14)).
3
Calculate (-5 - (1 - 2 - 7)) + 0.
3
Calculate 2 - (-4 + 8) - (-6 + 1).
3
Calculate 8 + -1 - (1 - -3).
3
Evaluate -18 + (3 - -21) + (-12 - -1).
-5
What is the value of (2 - (2 + 2)) + 6?
4
Calculate 13 + -6 + 8 + 3 + -9.
9
What is 7 + -9 + 6 + (-3 - 0)?
1
What is 1 + (-4 - (10 + (-8 - -2)))?
-7
What is the value of (-2 - (-6 + 1)) + 2?
5
Calculate 4 - (11 + -11) - 9.
-5
Calculate -1 + (-2 + 3 - (3 - 1)).
-2
Calculate 1 + -3 + 2 + -6 + 3.
-3
31 + -39 + 4 + -1
-5
Calculate 1 - ((-3 - -5) + -3 - 1).
3
(0 - (8 + -4) - -5) + -7
-6
0 + (-3 - -9 - (-2 - -5))
3
Evaluate -2 + (4 - -2) + -1 + 4.
7
Calculate -17 + (-9 - -18) - 0.
-8
Evaluate (10 - (8 - 4)) + -2.
4
Calculate 0 + (1 - -1 - (-2 + 8)).
-4
Calculate 4 + 0 - (-5 + 6 + -2).
5
-3 + (-7 - (2 + -18))
6
What is the value of 4 + -4 + -3 + -3 - -1?
-5
What is the value of -1 + (5 - 5 - (-2 + 0))?
1
Calculate -36 + 33 + -1 + 0 + -1.
-5
What is 1 + 5 + (-20 - -10)?
-4
Evaluate 10 + 2 + -13 - 6.
-7
Calculate (2 - -3) + -4 - (0 - 5).
6
Evaluate (-5 - -18) + -6 + -10.
-3
Evaluate 9 + -4 + 2 + -2.
5
What is 1 - (11 + (1 - 9))?
-2
(4 - (3 + -1)) + -1
1
Evaluate (-5 - 2) + (3 - 3).
-7
What is the value of 10 - (-5 - (-9 + 7 + -3))?
10
Evaluate -6 - (-12 - (2 + -7)).
1
What is 1 - 0 - (-7 - -7)?
1
(-8 - -1) + (-4 - -3) + 4
-4
-2 + 8 + 0 + -6
0
-1 + -1 - ((-6 - -5) + 0)
-1
7 - ((-1 - 5) + 7) - 4
2
Calculate -1 + (4 + -10 - -3) + 0.
-4
What is 1 + (7 - 3) + 1 + -4?
2
-3 + (1 - 1) - (15 + -17)
-1
What is the value of -2 + (1 - 0) - (4 - 3)?
-2
Calculate 4 + -6 - (-6 + 4 - 3).
3
1 + -1 + -1 + 14 + -18
-5
Calculate -7 + (-2 - -5) + 3.
-1
Evaluate -10 - -7 - 4 - -6.
-